137?
109
What is the remainder when 11068 is divided by 208?
44
Calculate the remainder when 66943 is divided by 42.
37
Calculate the remainder when 4357 is divided by 861.
52
Calculate the remainder when 46349 is divided by 77.
72
What is the remainder when 166178 is divided by 221?
207
What is the remainder when 1746942 is divided by 64?
62
What is the remainder when 416987 is divided by 259?
256
What is the remainder when 27876 is divided by 107?
56
Calculate the remainder when 8414 is divided by 321.
68
Calculate the remainder when 3668 is divided by 13.
2
Calculate the remainder when 5054 is divided by 120.
14
What is the remainder when 5499 is divided by 28?
11
What is the remainder when 770 is divided by 76?
10
What is the remainder when 383093 is divided by 14?
11
What is the remainder when 81376 is divided by 206?
6
Calculate the remainder when 3250 is divided by 1625.
0
Calculate the remainder when 1855 is divided by 1519.
336
What is the remainder when 525793 is divided by 1295?
23
What is the remainder when 1121 is divided by 96?
65
What is the remainder when 6941 is divided by 14?
11
What is the remainder when 1031338 is divided by 493?
475
What is the remainder when 185234 is divided by 464?
98
What is the remainder when 9427 is divided by 3142?
1
Calculate the remainder when 12685 is divided by 6308.
69
What is the remainder when 9233 is divided by 61?
22
What is the remainder when 30014 is divided by 546?
530
Calculate the remainder when 15256 is divided by 321.
169
What is the remainder when 2645 is divided by 6?
5
Calculate the remainder when 125808 is divided by 2329.
42
Calculate the remainder when 58367 is divided by 94.
87
Calculate the remainder when 64926 is divided by 215.
211
Calculate the remainder when 5439155 is divided by 762.
761
What is the remainder when 93747 is divided by 146?
15
What is the remainder when 22392 is divided by 33?
18
What is the remainder when 10049763 is divided by 1084?
1083
What is the remainder when 18179 is divided by 4495?
199
Calculate the remainder when 26417 is divided by 368.
289
What is the remainder when 21933 is divided by 3653?
15
What is the remainder when 9936 is divided by 243?
216
Calculate the remainder when 91154 is divided by 19.
11
Calculate the remainder when 122043 is divided by 12.
3
What is the remainder when 19285 is divided by 306?
7
What is the remainder when 4220 is divided by 61?
11
Calculate the remainder when 505244 is divided by 523.
26
Calculate the remainder when 173601 is divided by 46.
43
What is the remainder when 179008 is divided by 102?
100
What is the remainder when 14958 is divided by 5?
3
What is the remainder when 22397 is divided by 262?
127
What is the remainder when 22191 is divided by 22?
15
What is the remainder when 934 is divided by 777?
157
Calculate the remainder when 237 is divided by 33.
6
What is the remainder when 25444 is divided by 877?
11
What is the remainder when 409005 is divided by 558?
549
Calculate the remainder when 113112 is divided by 28270.
32
Calculate the remainder when 189347 is divided by 14565.
2
What is the remainder when 8278 is divided by 1?
0
Calculate the remainder when 10708 is divided by 172.
44
Calculate the remainder when 1132 is divided by 224.
12
Calculate the remainder when 326093 is divided by 245.
243
What is the remainder when 2343 is divided by 293?
292
Calculate the remainder when 2617 is divided by 554.
401
What is the remainder when 7855 is divided by 30?
25
Calculate the remainder when 51441 is divided by 10279.
46
What is the remainder when 1345743 is divided by 241?
240
Calculate the remainder when 1820 is divided by 353.
55
Calculate the remainder when 1959 is divided by 913.
133
What is the remainder when 1389 is divided by 166?
61
What is the remainder when 4435 is divided by 158?
11
Calculate the remainder when 566017 is divided by 342.
7
Calculate the remainder when 4963 is divided by 69.
64
Calculate the remainder when 5318 is divided by 253.
5
Calculate the remainder when 1773 is divided by 427.
65
What is the remainder when 192499 is divided by 220?
219
What is the remainder when 174237 is divided by 133?
7
What is the remainder when 51060 is divided by 108?
84
What is the remainder when 2023 is divided by 134?
13
What is the remainder when 26938 is divided by 1923?
16
What is the remainder when 14231 is divided by 618?
17
What is the remainder when 754 is divided by 47?
2
What is the remainder when 3577 is divided by 596?
1
Calculate the remainder when 21083 is divided by 6973.
164
Calculate the remainder when 85534 is divided by 32.
30
Calculate the remainder when 25106 is divided by 159.
143
What is the remainder when 26783 is divided by 36?
35
Calculate the remainder when 182711 is divided by 24.
23
What is the remainder when 4627 is divided by 4608?
19
Calculate the remainder when 972 is divided by 833.
139
Calculate the remainder when 2407 is divided by 1193.
21
What is the remainder when 18047 is divided by 102?
95
What is the remainder when 7479 is divided by 2434?
177
What is the remainder when 23330 is divided by 865?
840
What is the remainder when 1623 is divided by 232?
231
What is the remainder when 58624 is divided by 177?
37
Calculate the remainder when 1782 is divided by 1771.
11
Calculate the remainder when 9995 is divided by 369.
32
What is the remainder when 7700 is divided by 69?
41
What is the remainder when 64002 is divided by 390?
42
Calculate the remainder when 62226 is divided by 166.
142
What is the remainder when 409199 is divided by 8?
7
What is the remainder when 175818 is divided by 298?
296
What is the remainder when 97343 is divided by 238?
1
What is the remainder when 32161 is divided by 1189?
58
Calculate the remainder when 408904 is divided by 151.
147
What is the remainder when 991 is divided by 50?
41
What is the remainder when 14097 is divided by 6?
3
What is the remainder when 743 is divided by 736?
7
What is the remainder when 10362 is divided by 346?
328
Calculate the remainder when 356669 is divided by 15.
14
Calculate the remainder when 1720 is divided by 22.
4
What is the remainder when 1990 is divided by 473?
98
Calculate the remainder when 15921 is divided by 16.
1
What is the remainder when 1667 is divided by 120?
107
What is the remainder when 88070 is divided by 454?
448
What is the remainder when 79723 is divided by 5313?
28
Calculate the remainder when 54249 is divided by 25.
24
What is the remainder when 37355 is divided by 13?
6
What is the remainder when 125365 is divided by 393?
391
Calculate the remainder when 26616 is divided by 632.
72
What is the remainder when 33429 is divided by 760?
749
What is the remainder when 36239 is divided by 247?
177
Calculate the remainder when 1682768 is divided by 81.
74
Calculate the remainder when 11823503 is divided by 1617.
1616
Calculate the remainder when 90103 is divided by 3336.
31
Calculate the remainder when 2214 is divided by 89.
78
Calculate the remainder when 94367 is divided by 19.
13
Calculate the remainder when 39533 is divided by 7906.
3
Calculate the remainder when 25785 is divided by 40.
25
What is the remainder when 6614159 is divided by 48?
47
What is the remainder when 17594 is divided by 928?
890
Calculate the remainder when 4681 is divided by 4647.
34
What is the remainder when 10786 is divided by 22?
6
Calculate the remainder when 3018 is divided by 231.
15
What is the remainder when 1465136 is divided by 19799?
10
Calculate the remainder when 139003 is divided by 2138.
33
What is the remainder when 883 is divided by 22?
3
What is the remainder when 6994 is divided by 14?
8
Calculate the remainder when 2322 is divided by 692.
246
Calculate the remainder when 7535 is divided by 343.
332
Calculate the remainder when 32588 is divided by 29.
21
What is the remainder when 1534 is divided by 89?
21
What is the remainder when 808653 is divided by 63?
48
What is the remainder when 17147 is divided by 367?
265
What is the remainder when 352092 is divided by 117354?
30
Calculate the remainder when 21272 is divided by 192.
152
Calculate the remainder when 668 is divided by 301.
66
Calculate the remainder when 1157245 is divided by 63.
61
What is the remainder when 8761 is divided b